e 13
b
Convert 22 (base 4) to base 2.
1010
Convert -1110 (base 3) to base 6.
-103
Convert 62 (base 16) to base 13.
77
What is -a6 (base 13) in base 11?
-114
What is 15 (base 12) in base 14?
13
Convert 2 (base 10) to base 8.
2
What is 3 (base 11) in base 3?
10
Convert -5f (base 16) to base 6.
-235
What is -7 (base 15) in base 12?
-7
3 (base 12) to base 7
3
Convert -2 (base 16) to base 5.
-2
-10 (base 6) to base 15
-6
Convert 3 (base 12) to base 13.
3
What is 4 (base 10) in base 16?
4
Convert 3 (base 11) to base 5.
3
1 (base 7) to base 16
1
What is -9 (base 11) in base 16?
-9
Convert 15a (base 11) to base 6.
510
Convert -2 (base 15) to base 8.
-2
Convert -141 (base 12) to base 10.
-193
-1 (base 9) to base 8
-1
What is 11 (base 3) in base 16?
4
What is -2a (base 13) in base 2?
-100100
Convert 1 (base 11) to base 14.
1
What is 48 (base 13) in base 7?
114
Convert -141 (base 5) to base 9.
-51
Convert -30 (base 4) to base 6.
-20
What is -20 (base 11) in base 6?
-34
Convert -14 (base 16) to base 4.
-110
11 (base 12) to base 16
d
16 (base 10) to base 3
121
What is -430 (base 7) in base 2?
-11011001
64 (base 10) to base 8
100
-69 (base 11) to base 14
-55
Convert -4e (base 15) to base 13.
-59
7 (base 15) to base 13
7
-61 (base 12) to base 6
-201
What is -6d (base 14) in base 5?
-342
Convert -3 (base 12) to base 2.
-11
-11 (base 2) to base 14
-3
What is -4 (base 10) in base 2?
-100
-1 (base 14) to base 6
-1
134 (base 5) to base 4
230
Convert 2 (base 11) to base 4.
2
Convert 1 (base 6) to base 2.
1
What is -41 (base 5) in base 10?
-21
What is -157 (base 15) in base 11?
-25a
What is -131 (base 5) in base 14?
-2d
What is 100 (base 2) in base 14?
4
Convert 5 (base 6) to base 13.
5
Convert -11 (base 12) to base 16.
-d
13 (base 11) to base 9
15
0 (base 2) to base 5
0
What is 10202 (base 3) in base 7?
203
Convert 121 (base 10) to base 9.
144
Convert -33 (base 9) to base 8.
-36
Convert 0 (base 7) to base 12.
0
Convert 5 (base 8) to base 15.
5
-78 (base 15) to base 5
-423
What is 10 (base 3) in base 2?
11
What is 101110 (base 2) in base 10?
46
Convert -4 (base 11) to base 10.
-4
Convert -100 (base 6) to base 12.
-30
105 (base 7) to base 12
46
Convert 0 (base 14) to base 16.
0
Convert 12 (base 11) to base 7.
16
-a (base 16) to base 12
-a
Convert 1 (base 10) to base 16.
1
What is 253 (base 7) in base 5?
1021
Convert -18 (base 9) to base 10.
-17
What is 101201 (base 3) in base 2?
100100001
What is 1 (base 5) in base 15?
1
-6 (base 7) to base 10
-6
Convert 1 (base 11) to base 3.
1
Convert 3 (base 5) to base 2.
11
-3 (base 8) to base 5
-3
-203 (base 5) to base 8
-65
What is -59 (base 15) in base 11?
-77
-2 (base 8) to base 6
-2
What is 100 (base 11) in base 16?
79
What is 2 (base 4) in base 9?
2
What is 7 (base 14) in base 13?
7
What is 112 (base 3) in base 13?
11
-27 (base 15) to base 8
-45
Convert 108 (base 11) to base 2.
10000001
Convert -15 (base 16) to base 6.
-33
Convert -26 (base 16) to base 5.
-123
Convert -14 (base 9) to base 12.
-11
What is -12 (base 12) in base 8?
-16
12 (base 7) to base 5
14
Convert -1 (base 5) to base 14.
-1
What is 112 (base 6) in base 8?
54
Convert -10 (base 2) to base 8.
-2
What is 32 (base 5) in base 9?
18
Convert -100 (base 7) to base 11.
-45
2 (base 10) to base 6
2
Convert -5 (base 12) to base 6.
-5
Convert -1 (base 14) to base 3.
-1
39 (base 16) to base 12
49
-11 (base 16) to base 13
-14
-133 (base 4) to base 5
-111
What is -211 (base 3) in base 13?
-19
What is -179 (base 10) in base 11?
-153
-77 (base 12) to base 6
-231
What is 20 (base 6) in base 15?
c
What is 3 (base 12) in base 13?
3
Convert 3 (base 4) to base 5.
3
Convert 3 (base 10) to base 15.
3
-10 (base 2) to base 16
-2
Convert -22 (base 8) to base 6.
-30
-223 (base 7) to base 2
-1110011
What is -10001 (base 2) in base 5?
-32
-10111 (base 2) to base 7
-32
Convert 2d (base 14) to base 8.
51
Convert 41 (base 10) to base 16.
29
What is -8 (base 11) in base 14?
-8
50 (base 8) to base 10
40
Convert -45 (base 15) to base 7.
-122
Convert 0 (base 6) to base 5.
0
-3 (base 10) to base 5
-3
-12 (base 5) to base 14
-7
6 (base 16) to base 2
110
-20 (base 11) to base 10
-22
What is 134 (base 7) in base 11?
68
What is -133 (base 6) in base 9?
-63
What is 2 (base 8) in base 7?
2
What is -111 (base 3) in base 8?
-15
What is -10 (base 7) in base 3?
-21
Convert -34 (base 16) to base 7.
-103
What is 10 (base 6) in base 15?
6
What is 23 (base 12) in base 11?
25
245 (base 11) to base 6
1203
Convert 49 (base 15) to base 11.
63
What is -5 (base 9) in base 12?
-5
Convert 1003 (base 4) to base 16.
43
Convert -a (base 13) to base 2.
-1010
Convert -9 (base 16) to base 10.
-9
What is -4 (base 10) in base 11?
-4
2 (base 5) to base 14
2
Convert 203 (base 6) to base 12.
63
8 (base 10) to base 13
8
Convert 1111 (base 2) to base 6.
23
What is 160 (base 7) in base 13?
70
Convert -202 (base 4) to base 16.
-22
What is -2 (base 8) in base 3?
-2
What is -2 (base 3) in base 13?
-2
What is 2 (base 15) in base 10?
2
Convert -3 (base 15) to base 14.
-3
-112 (base 6) to base 8
-54
What is 60 (base 10) in base 2?
111100
Convert -53 (base 16) to base 8.
-123
1 (base 8) to base 10
1
What is -1011 (base 2) in base 15?
-b
1 (base 5) to base 9
1
What is -101101 (base 3) in base 2?
-100011000
What is 1 (base 8) in base 11?
1
What is -2222 (base 3) in base 8?
-120
230 (base 7) to base 3
11102
2 (base 16) to base 8
2
7 (base 15) to base 7
10
Convert -10 (base 8) to base 5.
-13
-8 (base 13) to base 16
-8
What is -10001 (base 2) in base 13?
-14
-12 (base 6) to base 8
-10
10 (base 14) to base 8
16
Convert -14 (base 12) to base 14.
-12
16 (base 15) to base 7
30
-1 (base 11) to base 10
-1
-2 (base 11) to base 9
-2
1 (base 11) to base 13
1
Convert -3 (base 5) to base 7.
-3
-2 (base 5) to base 11
-2
Convert -42 (base 5) to base 16.
-16
11101 (base 2) to base 7
41
Convert -81 (base 10) to base 11.
-74
What is -1a (base 16) in base 8?
-32
Convert 0 (base 14) to base 6.
0
Convert -1 (base 4) to base 3.
-1
Convert -61 (base 13) to base 5.
-304
Convert 31 (base 8) to base 11.
23
Convert -b (base 14) to base 8.
-13
-82 (base 9) to base 8
-112
Convert -33 (base 6) to base 15.
-16
221 (base 7) to base 16
71
Convert 0 (base 11) to base 14.
0
6 (base 13) to base 9
6
Convert 9 (base 13) to base 8.
11
What is -10011 (base 2) in base 13?
-16
-1010101 (base 2) to base 7
-151
Convert 124 (base 9) to base 3.
10211
What is -1000 (base 3) in base 14?
-1d
Convert -36 (base 9) to base 2.
-100001
-48 (base 10) to base 6
-120
-1b9 (base 15) to base 16
-18f
Convert 6 (base 16) to base 14.
6
What is -40 (base 6) in base 15?
-19
What is 17 (base 8) in base 4?
33
-43 (base 7) to base 9
-34
Convert -12 (base 4) to base 8.
-6
3a (base 13) to base 2
110001
Convert 21 (base 8) to base 2.
10001
Convert 3 (base 4) to base 16.
3
What is -5 (base 16) in base 4?
-11
What is 61 (base 13) in base 3?
2221
Convert 43 (base 9) to base 6.
103
Convert -4 (base 7) to base 16.
-4
-2002 (base 3) to base 10
-56
What is c (base 15) in base 5?
22
Convert 3 (base 7) to base 13.
3
Convert -8 (base 16) to base 3.
-22
-47 (base 16) to base 9
-78
Convert -110 (base 2) to base 14.
-6
What is -3 (base 4) in base 12?
-3
Convert 7 (base 9) to base 11.
7
What is -88 (base 9) in base 3?
-2222
Convert -66 (base 9) to base 3.
-2020
1 (base 13) to base 14
1
Convert 1d (base 15) to base 13.
22
What is -11 (base 3) in base 10?
-4
What is -2 (base 12) in base 13?
-2
-5 (base 12) to base 10
-5
What is -48 (base 13) in base 6?
-140
-8 (base 15) to base 16
-8
Convert 12 (base 7) to base 2.
1001
What is -4 (base 13) in base 4?
-10
Convert 111000 (base 2) to base 5.
211
What is 21 (base 14) in base 2?
11101
27 (base 13) to base 2
100001
What is b2 (base 13) in base 8?
221
-1301 (base 4) to base 14
-81
Convert -17 (base 15) to base 6.
-34
What is -13 (base 6) in base 16?
-9
Convert 3 (base 10) to base 13.
3
What is b (base 12) in base 2?
1011
Convert -3 (base 14) to base 16.
-3
Convert -124 (base 10) to base 13.
-97
What is -17 (base 16) in base 3?
-212
Convert 40 (base 8) to base 13.
26
0 (base 10) to base 4
0
-1133 (base 5) to base 4
-2220
16 (base 10) to base 9
17
3 (base 5) to base 6
3
Convert 15 (base 14) to base 12.
17
What is 1 (base 13) in base 5?
1
-2 (base 12) to base 10
-2
Convert -3 (b